e the first derivative of i**2/2 - i + 9. Give g(-3).
-4
Let f(u) = -11*u**2 + 8*u - 35. Let w(b) = 7*b**2 - 5*b + 23. Suppose 5*m + 0*o - 23 = 2*o, -m = -2*o - 3. Let r(h) = m*f(h) + 8*w(h). Give r(0).
9
Suppose 2*g = -j + g + 2, 2*j + 20 = 4*g. Let o(a) = 5*a. Give o(j).
-10
Let z(o) = -2*o - 7. Let h be z(-6). Let u(c) be the second derivative of -c**4/12 + 2*c**3/3 + 2*c**2 + c. Give u(h).
-1
Let z(c) be the first derivative of c**6/120 + c**5/12 + c**4/4 - c**2/2 - 3. Let m(o) be the second derivative of z(o). Calculate m(-4).
-8
Let d(n) = 2 - 77*n + n**2 + 1 + 69*n. Give d(5).
-12
Let y(m) = -m**2 + 5*m + 6. Let q be y(6). Let l(r) = -r**3 - 3. Determine l(q).
-3
Let c(q) = 2 + 2 - 4 - q - 16*q**3. What is c(1)?
-17
Let y(d) = -3*d - 28. Let b(w) = w + 14. Let k(q) = -5*b(q) - 2*y(q). Let n be k(11). Let a(t) = t**3 + 4*t**2 + t - 4. Determine a(n).
2
Suppose 2*a + 4 = 3*a. Let n(h) = 4 + a*h - 3 - 3*h. What is n(-2)?
-1
Suppose 0*g = 4*g. Let o(i) = 2 + g + 2*i - 1. Calculate o(1).
3
Let c(i) be the third derivative of i**4/12 - i**3/2 - 32*i**2. Give c(6).
9
Let o(g) = g**3 - 3*g**2 - 3*g + 2. Let c be 38/12 - (-2)/(-12). What is o(c)?
-7
Let g(i) = -5*i**2 + i + 1. Let m(c) = -c**3 + 4*c**2 - 3*c - 1. Let u be m(3). What is g(u)?
-5
Suppose -3*a - 7 = 5*k, -2*a - 9 = -k - 0*k. Let b be (2 + -7)/(k/(-2)). Let h(u) = -b*u + 5*u + 6*u**2 + 0*u**2 + 0*u**2 - u**3. Give h(5).
0
Let c(m) be the first derivative of -m**3/3 + 5*m**2/2 + m + 1. Give c(5).
1
Let z(w) = -w**2 + 3*w + 4. Let l(j) = -2*j**3 - j. Let f be l(-1). Calculate z(f).
4
Let o(x) = x**3 + x. Let t(z) = -9*z**3 + z**2 - 2*z. Suppose 6*u - 2*u = -4. Let v(w) = u*t(w) - 2*o(w). What is v(-1)?
-8
Let z(f) be the second derivative of f**3/6 + 7*f**2/2 + 4*f. Let i = 11 + -18. Calculate z(i).
0
Let w(r) = 2*r**2 + 1 - 8*r**3 - 2*r + 4*r**2 - 5*r**2. Determine w(1).
-8
Let f be -5*1/3 - 8/24. Let p(a) = -2*a**2 + 2*a. What is p(f)?
-12
Suppose g + 36 = 33. Let s(b) = -b**3 - 2*b**2 - 3*b - 4. Give s(g).
14
Let y = -54 + 50. Let o(a) = a**3 + 5*a**2 + 4*a + 5. What is o(y)?
5
Let d be (-5 + -1)/(-2) - 0/3. Let u(w) = w**3 - 2*w**2 + w - 2. Give u(d).
10
Let c(m) = 3*m - 2*m - 4 - 5. Calculate c(7).
-2
Let r(n) = 3*n**2 + 4*n + 28 - n**3 + 26 - 59. Determine r(4).
-5
Let w be (0 + -1)*3 + 7. Suppose -w*f = -8 - 12. Let b(j) = 7*j**2 - 16*j + 13. Let n(t) = 3*t**2 - 8*t + 6. Let a(z) = -2*b(z) + 5*n(z). Determine a(f).
-11
Let n(d) = 3*d - 5. Suppose r - 2 = -3*z + 5*z, 13 = 4*r - 3*z. Give n(r).
7
Let q(o) = o**3 - 9*o**2 + 11*o - 2. Let x(t) = -t**3 + 9*t**2 - 12*t + 2. Let k(j) = -3*q(j) - 2*x(j). Give k(8).
-6
Let p(m) = m - 6. Let l be ((-33)/55)/(2/(-20)). Determine p(l).
0
Let o = -5 - -9. Let i be (-2)/6 - o/(-3). Let q(n) = 5*n**2 - 3 + 0 + 2. Give q(i).
4
Let q = -6 - -9. Suppose -w - 1 - q = 0. Let x(g) = -g**2 - 4*g - 4. Calculate x(w).
-4
Suppose -k = 5 - 8. Let r(p) = p**2 + p - 4. Give r(k).
8
Suppose 6*t + 5 = t. Suppose 0 = -5*p - 1 + 51. Let o(m) = 6*m - p*m + 2 - 3. Give o(t).
3
Let l = -11 + 14. Let r(m) = -12*m - l + 4 + m**2 + 4*m. Determine r(6).
-11
Let z(g) = -g**3 + 3*g**2 - 4*g - 2. Let b be z(2). Let c(d) = 2*d + 3. Give c(b).
-9
Let m(b) be the third derivative of b**5/30 - 5*b**4/24 + b**3/3 + b**2. Let r be 1/(2 + (-15)/9). Calculate m(r).
5
Suppose 4 = -2*y + 2*n, -3*y - 8 = -4*y - 4*n. Let m be y/(-2)*1/(-2). Let u(t) = -7 + 5 + 1 + 0 - t. Calculate u(m).
-1
Let o(l) = -l + 7. Suppose -5*i + 24 = 89. Let z = 19 + i. Give o(z).
1
Let k = 20 - 6. Suppose -i + 2*o = 4*i + 2, 0 = -5*i - o - k. Let w(m) = m**3 + 3*m**2 + 3*m + 1. Determine w(i).
-1
Let u(l) = -l**3 - l**2 - l + 4. Let y be u(0). Let p(r) = r**2 + 2*r - 2. Let n be p(2). Let o(j) = 2*j + 3*j - n*j - y*j**2. What is o(-1)?
-3
Let r(s) be the third derivative of s**5/60 + s**4/8 + s**3/6 + 4*s**2 + 6. Give r(3).
19
Let v(n) be the second derivative of -n**3/6 + n**2/2 - n. Let j(o) = -7*o + 2. Let z(p) = j(p) - 3*v(p). Give z(-1).
3
Let t(c) = 2*c**3 + 2*c**2 - c + 1. Suppose j + 4*j + 10 = 0. Determine t(j).
-5
Let c(l) = l**2 + l**2 + 5*l - 3 - 4*l**2. Let t(x) = -x**3 + 7*x**2 + 9*x - 10. Let w be t(8). Let b = w - -5. Determine c(b).
-6
Let u(l) = -12*l**3 + l**2 + l. Let p be 2/(-7) - 768/56. Let f = 13 + p. What is u(f)?
12
Let r(c) = 13*c + 18. Let i(m) = 4*m + 6. Let j be (-4)/(-10) - 111/15. Let t(p) = j*i(p) + 2*r(p). Let l(h) = -h - 12. Let u be l(-7). Determine t(u).
4
Let q(x) = -x**2. Let j(r) = 3*r**3 - 3*r**2 + 2*r + 1. Let w(z) = -j(z) + 3*q(z). Determine w(-1).
4
Let g(d) = -d**3 + d**2 + 4*d - 3. Let i be ((-20)/12)/((-2)/6). Suppose 24 = -a + i*a. Let m(f) = -f**3 + 5*f**2 + 7*f - 4. Let p be m(a). Calculate g(p).
1
Let s be (2/4)/((-1)/6). Let w(g) be the first derivative of -g**4/4 - 4*g**3/3 - g**2/2 + 4*g + 15. What is w(s)?
-2
Let b be (-11)/(-4) - (-2)/8. Let r(g) = -3*g + 4. Let q be r(b). Let u(w) = w**2 + 5*w + 2. Calculate u(q).
2
Let y(s) = -s - 6. Let m be y(-8). Let x(g) = 4 + 0 + m - 2*g + 3*g. Let h = 2 - 2. Calculate x(h).
6
Suppose 5*d + 37 = 3*w, 2*w + 4*d - 10 = -0*d. Let b be (-39)/w + (-2)/(-6). Let q(r) be the second derivative of r**3/3 + 3*r**2/2 - r. Give q(b).
-5
Let f(r) = r**2 - 1. Let a(k) = -k**3 - 10*k**2 - k - 13. Suppose 4*x = -5*z - 65, 0 = -4*x + 4*z - 5*z - 45. Let t be a(x). What is f(t)?
8
Let x(l) = -l**2 - 5*l + 2. Suppose 4*c + 48 = -4*c. Calculate x(c).
-4
Let k(l) = 7*l**2 + l - 1. Suppose 0 = -29*j + 34*j - 10. Calculate k(j).
29
Suppose -5*o = 2*j - 32, -3*j = 2*o + o - 21. Let z(q) = -o*q**2 + 2*q**2 + 3*q**2 + 4*q**3. Determine z(-1).
-5
Let c be 5 + 2/2*-2. Let u(w) = 2*w**2 + w**3 + 0*w**3 - 2*w + c*w - 2*w**3 - 1. Give u(2).
1
Let q(y) = -4*y - 1. Let p be q(-1). Let r(k) be the third derivative of k**4/24 + 2*k**3/3 + 9*k**2. Calculate r(p).
7
Let k(b) = 3*b**3 + 4*b**2 - 7*b - 2. Let i(w) = 8*w**3 + 12*w**2 - 20*w - 5. Let y(s) = 4*i(s) - 11*k(s). Suppose -5*l + 8 = -l. Calculate y(l).
4
Let t(g) = -1 - g**2 + 6*g + 2 - 2. Suppose 41 = 2*b - 9. Suppose -b = -6*p + p. Determine t(p).
4
Let c = 2 + 0. Let k = 1 - c. Let l(p) = -p**2 - p. Determine l(k).
0
Let a(y) = 2*y**2. Suppose 0*h - 2*h - 2 = 0. Let d be a(h). Let w(s) = -7*s + 6. Let l(i) = -i + 1. Let m(t) = -5*l(t) + w(t). Give m(d).
-3
Let a(m) = 8*m**2 + 3*m + 1. Let t be a(-1). Let v(o) = -4*o**3 - 4 - 4*o**2 - 3*o**2 + 8*o + 5*o**3. What is v(t)?
8
Let n(b) = b + b + 5 + 0*b. Calculate n(-4).
-3
Let v be ((-27)/(-36))/((-1)/(-4)). Let b be v/(4/(-16)*3). Let j(m) = -2*m - 3. What is j(b)?
5
Let t(o) = 8*o**2 + 8 - 2*o + 5 - 6*o. Let b(j) = 7*j**2 - 7*j + 12. Let i be -1*(18/2 + -2). Let m(w) = i*b(w) + 6*t(w). Give m(0).
-6
Let h = 4 + 1. Let s = -11 + 8. Let z(f) = 2*f**2 - 10*f - 7. Let u(j) = j**2 - 5*j - 4. Let t(o) = s*z(o) + 5*u(o). Calculate t(h).
1
Let u be (2/2)/(4 + -3). Let q(d) = d**2 + d - 2. Let h be q(-3). Let l(i) = -i - h*i**2 - u + 6*i**2 - i**2. Give l(-2).
5
Let c(m) = -874*m**3 + 7*m + 6*m**2 + 4*m + 4 + 875*m**3 - 4*m. What is c(-5)?
-6
Let o(y) = -13*y. Let t = -22 + 26. Let l be (2*t/8)/1. Determine o(l).
-13
Let f(k) = -k**2 + k - 11. Let o(q) = 6 + 7*q + 0 + 0*q**2 + 0*q**2 + q**2. Let r be o(-6). Determine f(r).
-11
Let c be 4/6 - 8/(-6). Let y = -5 + 7. Let v(h) = c*h + y*h - h. Determine v(-2).
-6
Let j(a) = -2*a - 1. Suppose 10 = i + u - 0*u, 5*i = 4*u + 14. Let h = -10 + i. Let g = -9 - h. Give j(g).
9
Let z(w) = -w + 4. Suppose 3*b - 2*v = -4*v, 0 = -v. Calculate z(b).
4
Let p(w) = w**2 - 7*w - 6. Suppose 0 = -3*t + 5*q + 38, 5*t - q = 3*t + 16. Let b be 0 + t*(-2 + 3). Give p(b).
-12
Let l(o) = 4*o**3 - 8*o**2 + o**2 - 3*o**3 - 8*o. Let h be l(8). Let y(u) be the third derivative of u**4/24 - 5*u**3/3 + 2*u**2. Give y(h).
-10
Let u(b) = -7*b - 8*b**2 + 8*b - b**2. Let c(h) = -h - 1. Let d be c(5). Let f(s) = s**2 + 5*s - 5. Let r be f(d). What is u(r)?
-8
Let u(h) = h**3 + 7*h**2 + 2*h + 5. Let i be u(-7). Let t(r) = r**2 + 10*r + 10. What is t(i)?
1
Let t(y) be the third derivative of 1/40*y**6 + 1/60*y**5 + 0 - 3*y**2 + 0*y**3 + 0*y**4 + 0*y. Determine t(-1).
-2
Suppose 0 = -8*r + 4*r - 24. Let s(d) = -d - 5. Determine s(r).
1
Let b(y) = -2*y**2 - 7*y - 2*y**2 - 13 + 6*y**2 - y**2. Let x be b(9). Let a(u) = 3*u. Determin